ate the remainder when d is divided by 49.
25
Let a(u) = 3*u**2 + 6*u + 11. Let h be a(6). Suppose 0 = 4*i, h = -t + 6*t + 2*i. Suppose -5*q + t = -119. Calculate the remainder when 88 is divided by q.
28
Let r(i) = 308*i**2 - 3*i + 1. Let t be r(-2). Suppose 0 = 4*s - 2*f, -3*s + f + 1 = -1. What is the remainder when 83 is divided by t/42 - 3/s?
27
Suppose 5*q = 2*f + 75, 3*f = 20*q - 21*q + 15. Calculate the remainder when 140 is divided by q.
5
Let s = 222 + -195. Suppose 0 = 5*n + 5*i - 25, -2*n + 0*i + 15 = -3*i. Let k(m) = 2*m + 3. Calculate the remainder when s is divided by k(n).
12
Let n(s) = 4*s + 1. Let v be n(5). Suppose v = 3*g - 18. Let i = 340 - 226. Calculate the remainder when i is divided by g.
10
Let f(l) = -13*l - 332. Let d be (1309/(-154))/((-2)/(-8)). What is the remainder when f(d) is divided by 38?
34
Let r = -1553 - -1839. Calculate the remainder when r is divided by 24.
22
What is the remainder when 8939 is divided by (-6)/(-15) + 23840/400?
59
Let z = -657 + 657. Suppose -13*m + 8*m - 96 = -2*k, 3*k + 2*m - 125 = z. What is the remainder when 100 is divided by k?
14
Let s(x) = 2*x - 1. Let d(o) = -27*o + 1. Let u(n) = -6*d(n) - 78*s(n). Let y be u(-26). Let l = -44 - y. What is the remainder when 155 is divided by l?
35
Let m(c) = -115*c - 104. What is the remainder when m(-6) is divided by 68?
42
Suppose 5*d - 47 - 68 = 0. Let h be 77/22*(-12)/21. Calculate the remainder when (2/5)/(-4*h/1780) is divided by d.
20
Let m be 1007/6 - (-5)/30. Let d = -157 + m. Calculate the remainder when 31 is divided by d.
9
Suppose -d + 2*d = -4*l + 29, 76 = 3*d + l. Let r = -38 - 22. Calculate the remainder when (r/25 + 2)*-180 is divided by d.
22
Let p(n) = n**2 + 54*n - 349. Let x be 21/4 - (-1)/(-4). Suppose 0 = 4*g - k - 42, x*g - 59 = -0*k - 2*k. What is the remainder when g is divided by p(-60)?
0
Let c = -1031 + 1031. What is the remainder when (2 + c)/((-30)/(-255)) is divided by (5/2)/((-1)/(-2))?
2
Let f(m) = -9773*m**3 + 40*m**2 + 49*m + 8. Calculate the remainder when f(-1) is divided by 181.
179
Suppose -113 = 22*d - 1499. Calculate the remainder when 15 is divided by (-36)/(-14) + 27/d.
0
Let p(x) = 12*x - 14. Let b be p(8). Suppose 2*t = -4*g + b, -g - g = -t + 37. Let l(j) = -j**3 + 4*j - 1. Calculate the remainder when t is divided by l(-3).
11
Let p be (-1)/(-3) - 7025/(-75). Suppose -3*y - p = -2*i, y - 2 = i - 49. Calculate the remainder when 937 is divided by i.
44
Let b be (-3)/(-6)*(179 - 1). Let z = b + -68. Calculate the remainder when 37 is divided by z.
16
Let i = -26 - -39. Suppose 0 = i*g - g - 36. Let d = g + 16. Calculate the remainder when 49 is divided by d.
11
Let l = -682 + 1475. What is the remainder when l is divided by 40?
33
Let u(v) = -v**3 + 20*v**2 - 46*v + 6. Calculate the remainder when ((-112)/6)/((-1)/12) is divided by u(4).
68
Let i(d) = 8*d + 20. Let w(o) = 2*o**3 + 9*o**2 - 20*o + 5. What is the remainder when i(8) is divided by w(-6)?
16
Let v = -336 + 597. What is the remainder when v is divided by 28?
9
Let w be (-2 + 8)*(-5)/(-6). Suppose 6*q - w - 1 = 0. What is the remainder when 3 is divided by q*-3 + (-7 - -11)?
0
Let x(q) = 74*q**2 + 55*q - 51. What is the remainder when x(4) is divided by 13?
1
Suppose -22*z + 860 + 200 = 26. Calculate the remainder when 213 is divided by z.
25
Suppose 35*i = -2*i + 3737. Calculate the remainder when 236 is divided by i.
34
Let a(z) = -43*z - 702. What is the remainder when a(-51) is divided by 211?
14
Suppose o - 5*l = 42, -o = 3*l - 5*l - 27. Let m = 18 - -3. Let v = -10 + m. Calculate the remainder when o is divided by v.
6
Let i be (-5 + 248)*(330/(-9))/(-5). Suppose 0 = 7*m - 40*m + i. Calculate the remainder when m is divided by 46.
8
Let z(j) = j**2 + 1. Let b(q) = q**2 + 28. Let v(c) = -b(c) + 2*z(c). Let g be v(6). Let m = 21 - g. What is the remainder when m is divided by 7?
4
Let i = 86 - 84. Calculate the remainder when i/4 + (-4053)/(-42) is divided by 53.
44
Let t(q) = 9*q - 78. Let g be t(14). Let h = 28 + g. What is the remainder when h is divided by 39?
37
Suppose 11*q + 64 = 15*q. Let m be (13/(-2))/(1/(-10)). Let b = m - 59. Calculate the remainder when q is divided by b.
4
Let s(t) = t**3 - 14*t**2 + 14*t - 10. Let x(h) = -h - 1. Let c be x(-13). Let k(p) = -p + 18. What is the remainder when k(c) is divided by s(13)?
0
Let i(m) = -m**2 - 9*m - 12. Let z be i(-2). Suppose n - z*n = -v - 49, 5*n + 5*v - 215 = 0. Calculate the remainder when n is divided by 8.
6
Suppose 0 = -137*n - 2769 + 6605. Calculate the remainder when 2134 is divided by n.
6
Suppose 5*p = 4*b - 166 - 11, 3*p = 2*b - 89. Let x = 69 - 38. Let n = b - x. Calculate the remainder when 263 is divided by n.
11
Suppose 0*b = 5*b - 30. Let y = -74 - -80. What is the remainder when (2 + 3/(-6))/(y/92) is divided by b?
5
Let m(u) = -22*u + 97. Let f be m(40). Let i = 798 + f. Calculate the remainder when 27 is divided by i.
12
What is the remainder when 794 is divided by 0 - (0 - 0) - (-9 + -12)?
17
Suppose 4*v = -4*s + 10232, -5116 = -2*s + 10*v - 9*v. What is the remainder when s is divided by 80?
78
Let r = -9 - -31. Let u(z) = -z**3 - 18*z**2 + 25*z + 28. Let i be u(-20). Suppose 22*n - 26*n = -i. What is the remainder when n is divided by r?
16
Suppose 0 = -4*z - 5*r + 184, 0 = -5*z + 9*r - 13*r + 239. What is the remainder when 812 is divided by z?
47
Suppose -18*r + 120 = -5640. Let n = r - 213. Let w(a) = a**2 - a + 22. What is the remainder when n is divided by w(0)?
19
Suppose 0 = -29*u - 6 + 64. What is the remainder when u/((-2)/1) - (-553 - -30) is divided by 35?
32
Suppose -3*a = -3 - 72. Suppose -616494 = -24*l - 615630. What is the remainder when l is divided by a?
11
Let j = -338 + 363. Suppose -w = 2*d - 154, 108 = d + 2*w + j. Calculate the remainder when d is divided by 48.
27
Suppose -1108 = -3*h + 8*w, 0 = -5*h + 5*w + 1144 + 736. Calculate the remainder when h is divided by 42.
2
Suppose 221*p - 218*p = 42. Let f(t) = 2*t + 12. What is the remainder when 598 is divided by f(p)?
38
Calculate the remainder when 327 is divided by (54/126 - -3)/(4/126).
3
Let i(x) = -x**2 - 16*x - 49. Let f be i(-11). Calculate the remainder when 126 is divided by (-128)/(-12)*f/4.
14
Let n = -12349 + 12538. Calculate the remainder when 3214 is divided by n.
1
Suppose -44*m + 1302 = -30*m. Suppose 43*o - m = 12*o. Suppose -3 = -3*b + 3. What is the remainder when o is divided by b?
1
Let u = 44 + -29. Suppose 2387 + 3074 = 127*y. What is the remainder when y is divided by u?
13
Let j(t) be the first derivative of 14*t**3/3 + 3*t**2 - 18*t - 163. Calculate the remainder when j(4) is divided by 7.
6
Suppose 4*x - 325 + 30 = 3*v, -3*x + 221 = -2*v. Suppose 17*s - 1071 + 368 - 4210 = 0. What is the remainder when s is divided by x?
70
Suppose 0 = -13*r + 19 + 7. What is the remainder when (688/8 + 0)*r/1 is divided by 44?
40
Let r(i) = 2*i**3 - 169*i**2 - 89*i + 1283. What is the remainder when r(85) is divided by 238?
229
Let f(p) = p**3 - 16*p**2 - 107*p + 43. What is the remainder when 393 is divided by f(21)?
0
Suppose -z + 5*y + 217 = 0, 85 = z - y - 108. Calculate the remainder when z is divided by 108.
79
What is the remainder when 35/(-5) + -53 + 643 is divided by 110?
33
Suppose 51*z - 125 = 26*z. Suppose 5*q - 7*q + 40 = s, -z*q - 3*s = -101. What is the remainder when 67 is divided by q?
10
Calculate the remainder when 593 is divided by ((-80)/(-56))/(18/315).
18
Suppose -1153 = -5*s + 417. Suppose 4*j = -5*a + 449, -5*a = -5*j + 819 - s. Let f = -216 + 243. What is the remainder when j is divided by f?
25
Let x(q) = -25*q - 11. Let t be x(-2). Suppose 2*o - 44 = -z, -z + t = -5*o - 33. Calculate the remainder when z is divided by 12.
4
Suppose 0 = 4*m + 8, -5*u + 25*m = 21*m - 273. Let t be 30*(-2 - (-14)/4). Suppose n - t = -4*n. Calculate the remainder when u is divided by n.
8
Let p(j) = -3*j + 50 - 11*j**2 - 5*j - 134 + j**3 + 37. Calculate the remainder when 6 is divided by p(12).
0
Suppose r = 299 - 28. Let w = r + -267. What is the remainder when 14 is divided by w?
2
Suppose -771*j = -756*j - 720. What is the remainder when 4173 is divided by j?
45
Let s(b) = 2*b**2 + 6*b + 4. Calculate the remainder when s(5) is divided by 9*((-708)/(-